hen d(-4) is divided by l(3)?
18
Suppose -3*v = -0*c + 5*c - 20, -v + 3*c - 12 = 0. Suppose 9*l + 11 - 227 = v. Suppose 0 = -2*h + 3 + 1. Calculate the remainder when l is divided by h.
0
Suppose 83*c = 68*c + 26445. What is the remainder when c is divided by 61?
55
Suppose -5*u = 5*z - 150, -146 = -2*z - 3*z - 3*u. Suppose -40 = -4*o - z. Calculate the remainder when 12 is divided by o.
0
Suppose o - 4*o = 198. Suppose 294 = -4*u + 2*s, -5*u - s + 366 = -10*u. Let l = o - u. What is the remainder when 13 is divided by l?
6
Suppose -27864 - 241642 = -43*c - 60999. What is the remainder when c is divided by 9?
7
Let d = -1935 + 2008. Calculate the remainder when d is divided by 38.
35
Suppose -816*f = -827*f + 1067. Suppose h - 3*i - 2 = 27, -2*h + 48 = -4*i. What is the remainder when f is divided by h?
13
Let r(o) = -4*o**2 - 9*o + 2. Let c(f) = f**2 + f - 1. Let w(t) = -2*c(t) - r(t). Let i = 2168 - 2152. What is the remainder when w(-6) is divided by i?
14
Suppose -4*x = 3*z + 2*z - 763, 3*x - 2*z = 601. Calculate the remainder when x is divided by 32.
5
Let c = -91 - -96. Suppose -c*v + 30 + 25 = 0. Suppose o = -f + v, 5 = -f - 5*o - 0. Calculate the remainder when 70 is divided by f.
10
Suppose 4*i - 2*d = 1050, -7*d - 5 = -6*d. What is the remainder when i is divided by 141?
119
Suppose -3*m - 1104 = -6*m. Suppose m = -3*d + 1082. What is the remainder when d is divided by 61?
55
Calculate the remainder when 3584 is divided by 6214/130 + ((-63)/(-15) - 2 - 3).
12
Suppose -3*d = 2*r - 781, d - r + 307 - 569 = 0. Calculate the remainder when d is divided by 38.
33
Let q(c) = -12*c**2 + 3*c + 387. Calculate the remainder when q(0) is divided by 85.
47
Let m(b) = b**3 - 87*b**2 - 176*b + 24. What is the remainder when 4442 is divided by m(89)?
200
Suppose 0*j = -j + 4. Suppose -j*d - d = -85. Calculate the remainder when 1191/36 - (545/60 - 9) is divided by d.
16
Let w(j) = -j**3 - 4*j**2 - j - 2. Suppose 150 - 394 = -4*f + 5*u, 36 = f + 5*u. What is the remainder when w(-5) is divided by f/(-196) + (-256)/(-14)?
10
Let s = -26182 + 26192. What is the remainder when -4*((-162)/8 - -1) is divided by s?
7
Suppose -5*h = -5*c + 40, 0 = -5*c + 2*c - h + 36. Let y(a) = -a + 8. What is the remainder when (-100)/(-2) + (15 - c) is divided by y(-7)?
9
Let a(o) = o**2 + 7*o - 21. Suppose -36*t + 5129 = -7147. Calculate the remainder when t is divided by a(-10).
8
Suppose 0 = 70*g - 71 - 69. Calculate the remainder when 93 is divided by g.
1
Suppose 0 = -2*r - 2*q + 40, -q + 44 + 10 = 3*r. Let f = -416 + 444. What is the remainder when f is divided by r?
11
Let r(a) = 2*a**2 + 58*a. Let w be r(-29). Suppose w = -2*v + 10 + 30. Suppose -i - 2*i = 9, i - 233 = -4*f. What is the remainder when f is divided by v?
19
Suppose 4*t - 771 = -x + 404, -2*x - t = -2350. Calculate the remainder when x is divided by 21.
20
Let j = 314 - 207. Suppose -6959*c + 7041*c = 820. What is the remainder when j is divided by c?
7
Let v(r) = -r**3 - 4*r**2 - 23*r - 138. Calculate the remainder when v(-7) is divided by 87.
83
What is the remainder when (-753320)/2220*15/(-2) is divided by 19?
18
Let s = -1978 + 2111. What is the remainder when 803 is divided by s?
5
Let v(l) = 47*l - 204. Let h be v(5). Suppose 12080 = 9*x + h*x. Calculate the remainder when x is divided by 26.
16
Let d = 71 + -65. Let a be (-44)/d*4*(-9)/24. Suppose -5*b - a = -41. Calculate the remainder when 23 is divided by b.
5
Let a(q) = 3*q**2 + 23*q + 18. Suppose -4 = -j, -3*w = -j + 16 + 24. Let o be a(w). What is the remainder when (16/24)/(1/3) + o is divided by 45?
41
Let f(r) = -2*r + 120. Let s be 207/(-21) - (-24)/(-168). What is the remainder when f(s) is divided by 11?
8
Let f = -4406 + 4454. Calculate the remainder when f is divided by 5.
3
Suppose m - 12*o = -14*o + 222, -5*o + 15 = 0. What is the remainder when m is divided by 21?
6
Let u = -1744 - -2958. Calculate the remainder when u is divided by 45.
44
Let j(d) = -d**2 + 11*d - 37. Let z be j(3). Let v(u) = -8*u**3 - u**2 + 2*u. What is the remainder when v(-2) is divided by z/(52/12) + 13*1?
6
Let q(p) = -p**2 - 3*p + 266. What is the remainder when 447 is divided by q(13)?
41
Let d = -32250 - -32491. What is the remainder when 732 is divided by d?
9
Let q(b) = 2*b**2 + 95*b + 1537. Calculate the remainder when q(-21) is divided by 128.
40
Suppose -21*k = 5516 - 833. Let g = -220 - k. What is the remainder when 4 is divided by g?
1
Suppose -56*o = -17*o - 3432. Calculate the remainder when 158 is divided by o.
70
Let y(t) = -t**3 + 5*t**2 + 53*t + 3051. What is the remainder when y(0) is divided by 218?
217
Let f = -24 + 51. Suppose 261*g - 168 = 240*g. Calculate the remainder when f is divided by g.
3
Let k = 125 - 121. What is the remainder when (k/(-1) - -6) + 19 is divided by (16/(-10))/((-4)/10)?
1
What is the remainder when 305 is divided by 5 + 76 + 11 - -13?
95
Suppose f - 512 = -3*m, -5*m = 2*f - 430 - 589. What is the remainder when f is divided by 8?
1
Suppose 7*z + 7 = 0, 85 = 2*s + 2*z - 7*z. Calculate the remainder when 632 is divided by s.
32
Let w = -27999 - -30101. Calculate the remainder when w is divided by 99.
23
Suppose -12 = -5*z - 132. Let l = 8 - z. Suppose 0 = -5*o - 25, 642 = 5*g - 4*o - 8. Calculate the remainder when g is divided by l.
30
Calculate the remainder when ((-180 - -11)/(-13))/((-4)/(-184)) is divided by 114.
28
What is the remainder when 134 is divided by (-9 + 7)/1*-64?
6
Suppose u = 2*n, -4*n - u + 5*u + 8 = 0. Let m(l) = -8*l**3 - 2*l**2 - l - 1. What is the remainder when m(n) is divided by (-8)/7*(-2478)/236?
9
What is the remainder when 560 is divided by -10 + 160/10 + (-22)/(-2)?
16
Calculate the remainder when (101 - 62)*(-1 + (-41)/(-3)) is divided by 71.
68
Suppose 328*v - 568*v = -130080. Calculate the remainder when 1127 is divided by v.
43
Let n(q) = q**2 + 4*q + 3. Suppose 3*l + 4*a = -145, 0*l - 5*a + 195 = -5*l. Let h = 38 + l. Calculate the remainder when 39 is divided by n(h).
7
Calculate the remainder when (-102)/238 - 2*40959/(-42) is divided by 31.
28
Suppose -16*z + 2160 + 28906 = -2*z. Calculate the remainder when z is divided by 57.
53
Let v(k) = 2*k**3 - 6*k**2 - 204*k + 636. Calculate the remainder when 595 is divided by v(3).
19
What is the remainder when 1/(8/(-5214))*(-2480)/465 is divided by 87?
83
Let a = 1199 + -1190. Suppose 3 = 5*c + 3*q - 104, 4*c = -5*q + 83. What is the remainder when c is divided by a?
4
Let i(a) = a**3 + 13*a**2 + 9*a - 12. What is the remainder when (22/30*-51)/((-2)/10) is divided by i(-12)?
19
Let n be (848/(-12))/((-6)/(-9)). Let z = -57 - n. What is the remainder when z is divided by 17?
15
Let r(x) = x**3 + 28*x**2 - 8*x - 103. Calculate the remainder when 2924 is divided by r(-26).
10
Let f(g) = g**3 - 11*g**2 + 12*g - 12. Let h be f(10). Suppose 5*c + 57 = h*c. Let o(b) = -b**2 + 16*b - 29. What is the remainder when c is divided by o(13)?
9
Suppose 76*j = 61*j + 255. What is the remainder when 576 is divided by j?
15
What is the remainder when ((-124)/(-1 - (-227)/233))/((-36)/(-54)) is divided by 129?
128
Let h(f) = f**3 - 22*f**2 + 30*f - 17. Let t = 46 + -46. Suppose t = -72*g + 77*g - 125. What is the remainder when h(21) is divided by g?
22
What is the remainder when 119 is divided by (-1)/(20/3640)*(-3 + 15/6)?
28
Let l = -1577 + 1629. Calculate the remainder when 598 is divided by l.
26
Let c(r) = -23*r**3 + 2*r**2 + 2*r + 1. Let i(z) = -2*z + 195. Let m be i(-27). Let k = m + -154. What is the remainder when k is divided by c(-1)?
23
Let s(z) = 151*z**3 + 5*z**2 - z - 2. Calculate the remainder when s(1) is divided by 20.
13
Let k = 217 - -81. Let s = -218 + k. What is the remainder when s is divided by 71?
9
Suppose 7*v - 28*v = 525. What is the remainder when (328/6)/((-2)/(-6)) is divided by (-10)/v - 489/(-15)?
32
Let s(l) = 62*l - 645. What is the remainder when s(14) is divided by 45?
43
Let x = -98 + 102. Suppose 0 = -2*b - 6, -3*k = -0*b - x*b - 444. Calculate the remainder when k is divided by 25.
19
What is the remainder when (86222/95 - 20) + (-2)/(-5) is divided by 47?
42
Let x(s) = 5*s**2 + 4*s + 8. Let p be x(-6). Suppose 3*d = -35 + p. Let b(t) = -t**2 + 2644*t - 10549. Calculate the remainder when d is 